et i be d(-4). Suppose 5*t = -2*c + 39, i*c - t + 2*t = 33. Suppose 0 = -4*n + c*n - 6. What are the prime factors of n?
2
Suppose 17 - 3 = 2*f. Let v = -3 + f. Let q(s) = -s**2 + 5*s + 2. List the prime factors of q(v).
2, 3
Suppose -80 = -4*t + 8. Let m = t - 8. What are the prime factors of m?
2, 7
Let s = -28 + 48. What are the prime factors of s?
2, 5
Suppose 2*v - 1 - 3 = 0. Suppose r = -4*s + 13, s = v*r + 5 - 4. Let t(q) = 3*q - 2. What are the prime factors of t(s)?
7
Let x = 47 + -27. Suppose 2*y + 0*s = -s + 40, 5*s - x = -y. List the prime factors of y.
2, 5
Let x = 2 - 10. Let h = 16 + x. What are the prime factors of h?
2
Let w(c) = c**2 + 9. Suppose 4*j = 2*a + a + 3, -3*a = -5*j + 3. What are the prime factors of w(j)?
3
Let b be 1/(-4) - (-9)/4. Suppose -3*z + 9*z = -12. List the prime factors of ((-4)/z + -1)*b.
2
Let n(b) = b**2 - 2. Let x be n(-4). Suppose -2*g + 20 = 3*p, 3*g - 46 = -5*p - x. Suppose 2*j - 12 = -g. What are the prime factors of j?
2
Let j(v) = 10*v + 2. Let u be j(2). Suppose -t - a - 2*a = -17, -t - 4*a + u = 0. List the prime factors of t.
2
Let y = 0 - -3. Suppose 15 = y*c + b + 2*b, 0 = c + 5*b - 13. List the prime factors of c.
3
Let u = 205 - 122. What are the prime factors of u?
83
Suppose 4 = -2*x + 3*x. Suppose -2*j = 3*f - 19, 5 = -5*f + x*j - 0. List the prime factors of f.
3
Let m(v) = v**3 - v**2 + v - 4. Let h be (2 - 0) + -2 + 3. What are the prime factors of m(h)?
17
Let j(v) = 25*v - 5. Let a(w) = -12*w + 2. Let s(z) = 7*a(z) + 3*j(z). Let m be (-5)/((-15)/6) + -3. What are the prime factors of s(m)?
2
Let v(h) = -h + 12. List the prime factors of v(-11).
23
Suppose 0 = -5*m - b - 0*b + 198, 5*m - b - 192 = 0. List the prime factors of m.
3, 13
Let h(x) = -x + 2. Let i(w) = -w**3 - 5*w**2 + 5*w - 4. Let s be i(-6). Let t be h(s). Suppose t = -4*l - 12, -4*v + 24 = -v + 3*l. List the prime factors of v.
11
Suppose 4*h + 5*k - 44 - 6 = 0, -2*h - k = -28. What are the prime factors of h?
3, 5
Suppose 2*s = -s + 18. Let d = s + -1. Suppose -d*m - 16 = -4*a - 60, 33 = 4*m - a. List the prime factors of m.
2
Let b(c) = c**3 + 2*c**2 - 4*c + 2. What are the prime factors of b(2)?
2, 5
Let i = 65 + -14. What are the prime factors of i?
3, 17
Suppose 0 = -5*x + 2*i + 25, 2*i - i = -2*x + 1. Suppose x*b + 0*u = -4*u + 22, -4*b + u + 23 = 0. Suppose -b*p = -3*p - 36. What are the prime factors of p?
2, 3
Let i be (-13)/(-4)*(6 - 2). Suppose 3*f = o - 0*o - 25, 0 = o + f - i. What are the prime factors of o?
2
Suppose -23 = -b + 22. List the prime factors of b.
3, 5
What are the prime factors of 5/20 - 139/(-4)?
5, 7
Let m(d) = d**2 - 5*d - 2. Let b be m(-4). Suppose 4*x + 2*n - b = 0, 2*x - 5*n - 19 = -4*n. List the prime factors of x.
3
Suppose 4*c - 16 = -0*c. Let w be 0 + -2 + 4 - c. What are the prime factors of 62/8 + w/(-8)?
2
Suppose g = 5*t - 13, 0 = -t - 2*g - 2 + 9. Let v = -24 - -29. Suppose -2*s - t*r = -28, s - 15 = 4*r - v*r. List the prime factors of s.
17
Let y(m) = -m**3 + 16*m**2 + m + 12. List the prime factors of y(16).
2, 7
List the prime factors of 231 - (-10)/(8/4).
2, 59
Let t(c) be the third derivative of -c**4/8 - 5*c**3/3 - c**2. Let n = -13 + 6. What are the prime factors of t(n)?
11
Let a = -71 - -134. What are the prime factors of a?
3, 7
Let r be 7 + 0/1 + 2. Suppose -3*c - 18 = -7*c - 2*s, 4*c + 5*s = r. Let o = c + 6. What are the prime factors of o?
2, 3
List the prime factors of 6/(-21) - (-1620)/35.
2, 23
Suppose f + u = 6*u - 8, -4*u = -8. Suppose -f*y + 106 = 2*r, 3*r - 190 = -2*y - 28. What are the prime factors of r?
2, 7
Let b = -3 - -9. Suppose -4 = -2*g + 2*p, 0*p + b = -4*g - 3*p. What are the prime factors of (-11 + g + 1)*-1?
2, 5
Suppose -2*z + 3*m + 2*m + 36 = 0, -2*z = -m - 28. What are the prime factors of z?
13
Let l(t) = 9*t**2 + 2*t. List the prime factors of l(2).
2, 5
Let m(f) = -10*f**3 + 16*f**2 - 14*f - 2. Let t(g) = -g**3 + g**2 - g. Let q(a) = m(a) - 12*t(a). List the prime factors of q(2).
2, 13
Let k = -72 + 120. List the prime factors of k.
2, 3
Suppose -4*t + 5 = s, -3*t + s + 3*s + 18 = 0. Let h(j) = j + 2. Let v be h(t). Suppose -2*r - 12 = -v*c, 4*c = 3*c + 4*r + 10. What are the prime factors of c?
2
Let k(y) = y**2 + 9*y - 13. Let m be k(-9). Let d = m + 23. List the prime factors of d.
2, 5
Suppose 3*r + r = 72. Let b = 48 - r. List the prime factors of (6/(-4))/((-3)/b).
3, 5
Let b be 6/39 + (-164)/52. Let x = 12 - b. What are the prime factors of x?
3, 5
Let j = 0 + 38. What are the prime factors of j?
2, 19
Let z = 8 + 1. Suppose z = -3*f, 0*d = -5*d + 5*f + 45. What are the prime factors of d?
2, 3
Suppose 0 = -4*q + 2*q + 54. List the prime factors of q.
3
Let x be 0*(-3 - -2)/1. What are the prime factors of 13 - (3 + x + -2)?
2, 3
Let j = -15 + 16. List the prime factors of (j/2)/(5/60).
2, 3
Suppose 2*p = 6*p - 44. Let s be (4/(-2) - p) + 1. Let o = 20 + s. What are the prime factors of o?
2
Let t be (-1)/6 - (-3)/18. Let k = 3 - t. Suppose 13 = 2*u + 5*w, 4*u - 33 = u - k*w. What are the prime factors of u?
2, 7
Suppose 5*h - 2*h = 36. List the prime factors of h.
2, 3
Let x = -14 + 20. List the prime factors of (-16)/(-2 - (-9)/x).
2
Let i(p) = p**2 + p + 12. Let m be i(0). Suppose 3*l - 2*l = 0, 5*l - m = -3*y. List the prime factors of y.
2
Let u(n) = n**3 + 6*n**2 + 3*n - 4. Suppose -3*j + 3*d - 11 = -d, j - 3*d = -2. Let a be u(j). Suppose 12 = a*p - 3*p. What are the prime factors of p?
2
Suppose 4*d = -5 - 3. Let p = d + -4. What are the prime factors of (52/6)/((-4)/p)?
13
Let x = 43 + -36. List the prime factors of x.
7
Let l = 306 + 76. List the prime factors of l.
2, 191
Suppose 856 = 6*t + 2*t. List the prime factors of t.
107
Let k(u) be the first derivative of -4*u**2 + u + 1. Let t(d) = -7*d + 2. Let m(w) = 5*k(w) - 6*t(w). What are the prime factors of m(7)?
7
Let s = -11 - -47. List the prime factors of s.
2, 3
Suppose -m + 4 = 3*s, -3*m - 5 = 3*s - 17. Let a(x) = x**2 - 4*x + 4. What are the prime factors of a(m)?
2
Let r(x) = x**2 + 6*x - 4. Let m be r(-6). Let a = -1 - m. What are the prime factors of a?
3
Let b(k) = k**3 + 4*k**2 - 4*k - 3. Suppose 4*v = 2*r - 18, 4*v - 4*r + 20 = -0*r. Let g be b(v). Let m = 20 - g. What are the prime factors of m?
7
Let f(y) = -14*y. What are the prime factors of f(-3)?
2, 3, 7
Suppose -3*h = -h - 118. What are the prime factors of h?
59
Let m(p) = 2*p**2 - 3*p + 7. Let t be m(5). Suppose -4*w = -w - t. List the prime factors of w.
2, 7
Let s(v) = -v - v + 2*v - 2*v - 5. List the prime factors of s(-5).
5
Suppose -a + 2 = -4. Suppose 2*o + 2 = a. What are the prime factors of (1/o)/(3/66)?
11
Let f(b) = -2*b - 8. Suppose 5*t + 5 - 22 = 4*z, 0 = z - 2*t + 2. Let n be f(z). Let a = 3 + n. What are the prime factors of a?
11
Let f(u) = u**3 + 4*u**2 + 6*u. Let r be f(-4). Let a = r + 58. Suppose -4*x + 46 = 5*y - 4*y, -3*x = y - a. List the prime factors of x.
2, 3
Suppose s - 2*s + 2 = 0. Suppose -s*m = -0*m + 8. Let h = 11 + m. What are the prime factors of h?
7
Let v(k) = 2*k**3 + 2*k**2 - 4*k - 4. Let p be v(-3). Suppose -65 = 5*d - 0*d. Let x = d - p. List the prime factors of x.
3, 5
Let p = -28 + 32. What are the prime factors of p?
2
Suppose 2*r - 9 - 13 = -5*w, 3*r + 3*w - 24 = 0. Let i(t) = -t + 16. Let k be i(10). Suppose k + r = 4*v. What are the prime factors of v?
3
Let r(j) = -2*j + 4. Suppose -q + 0*q = 4. Let i be r(q). List the prime factors of ((-2)/(-4))/(2/i).
3
Let p(i) be the first derivative of i**4/4 + i**3 + i**2/2 + 3. Let d be p(-3). What are the prime factors of d/6*-2*11?
11
Suppose -969 - 99 = -12*t. List the prime factors of t.
89
Let p(z) = 5*z - 4. Let o = -6 - -10. What are the prime factors of p(o)?
2
Suppose 0 = 3*a + 2*a - 30. Let q(o) = -4*o**2 - 2 - o + 5*o**2 - 4*o. List the prime factors of q(a).
2
Let a be 6 - (-9)/(-3) - -2. Suppose 140 - 25 = a*i. List the prime factors of i.
23
Suppose 0 = a - 2*q - 24, -3*a + 3*q - 4*q = -51. What are the prime factors of a?
2, 3
Suppose 0 = 2*w + 5*f - 4*f - 8, 0 = -w - 2*f + 7. Suppose r = -w*i + 39, -i + 5*r = -0*r - 13. Suppose -4*k - i = -37. What are the prime factors of k?
2, 3
List the prime factors of 3009/34 + 2/8*2.
89
Let l be (-6 - -3) + -1 + -2. Let k(p) = -7*p - 4. What 